nvert -7eb3 (base 16) to base 2.
-111111010110011
What is -339740 (base 10) in base 11?
-212285
Convert 121344013 (base 5) to base 10.
574883
267464 (base 10) to base 4
1001103020
-5a4a12 (base 13) to base 8
-10154170
1353023 (base 6) to base 5
4432002
-20125044 (base 8) to base 14
-7c45a4
Convert 11111011110101001100010 (base 2) to base 11.
4726940
What is 10770 (base 12) in base 14?
7d52
Convert 2d634a (base 16) to base 8.
13261512
Convert -103242313 (base 6) to base 5.
-432401434
-2324872 (base 9) to base 15
-19c5a5
What is -11172a (base 12) in base 7?
-2212663
What is 100101001011001001011111 (base 2) in base 16?
94b25f
Convert -1111110000000000010 (base 2) to base 6.
-15021202
Convert -1205783 (base 11) to base 12.
-854008
-1643d4 (base 14) to base 12
-31751a
What is -31312322 (base 4) in base 11?
-39712
Convert -4d0d23 (base 14) to base 5.
-1134401113
Convert -21032333 (base 4) to base 12.
-19a7b
-1308166 (base 13) to base 10
-5958517
Convert 1ef2d2 (base 16) to base 14.
3ab226
Convert 9c3ddd (base 15) to base 13.
171042a
-103303312 (base 5) to base 2
-1101101001101100100
1260127 (base 8) to base 2
1010110000001010111
-111111100101000111 (base 2) to base 8
-774507
-4acf (base 16) to base 8
-45317
What is 167c0 (base 15) in base 14?
1c67c
31d023 (base 14) to base 12
694747
What is 1641173 (base 8) in base 6?
14110351
100101111111010010 (base 2) to base 5
14434402
What is -107624 (base 9) in base 13?
-2357b
What is 2ad88e (base 15) in base 11?
1194914
What is 4ba4a14 (base 12) in base 14?
1d9ac24
What is 100030000 (base 4) in base 11?
458a7
What is 30552535 (base 6) in base 3?
1200000002112
What is 1436116 (base 7) in base 12?
94474
24451031 (base 6) to base 4
2333132323
1a4866 (base 11) to base 2
1001100100111100001
1524403 (base 9) to base 5
203434201
What is 960a33 (base 12) in base 8?
11013707
-2233031032 (base 4) to base 2
-10101111001101001110
What is -718143 (base 9) in base 16?
-67f80
What is -107a25b (base 13) in base 2?
-10011010000101100100000
-3a342a (base 11) to base 10
-634072
Convert 40007124 (base 8) to base 12.
2988784
What is 2460540 (base 8) in base 14?
139cc0
850244 (base 10) to base 3
1121012022112
What is 126700 (base 11) in base 5?
22333131
What is -1652677 (base 8) in base 7?
-4041316
Convert 4914991 (base 10) to base 15.
671461
What is -2200121022 (base 3) in base 16?
-cec0
-42b21 (base 13) to base 12
-598b8
Convert -10100101011010100001101 (base 2) to base 12.
-19948b9
-24323124 (base 5) to base 16
-3819d
What is 340031402 (base 5) in base 9?
2715051
Convert -b58b2 (base 14) to base 10.
-438020
Convert 30030031 (base 4) to base 16.
c30d
43311023 (base 5) to base 10
369513
143ea (base 15) to base 3
10022012011
Convert 6aa4a1 (base 11) to base 16.
1130dd
Convert 250231525 (base 6) to base 9.
8883208
Convert -701991 (base 10) to base 12.
-29a2b3
Convert a02c12 (base 13) to base 5.
1423004432
What is 12405231 (base 6) in base 2?
1100011000000010011
487048 (base 11) to base 4
2330022031
91d1a (base 15) to base 11
296085
Convert 8a0f4 (base 16) to base 11.
356954
2ad1d6 (base 15) to base 4
13321030311
Convert -100001000001000101 (base 2) to base 12.
-66319
What is -55949 (base 12) in base 16?
-1bc09
What is -322220 (base 10) in base 5?
-40302340
12125152 (base 7) to base 12
442377
What is -434151 (base 16) in base 5?
-2112021013
What is 1001100101001011010110 (base 2) in base 3?
11201121020021
Convert 101111011000010100 (base 2) to base 15.
3c77d
Convert -10220012221 (base 3) to base 2.
-10010101110100001
-44944 (base 11) to base 6
-1221013
Convert -5ac1 (base 16) to base 2.
-101101011000001
What is 6356c2 (base 16) in base 9?
13222367
Convert 7552211 (base 8) to base 4.
13231102021
Convert 67936 (base 12) to base 7.
1112616
Convert -121aa2 (base 13) to base 4.
-1221210302
-20a707 (base 11) to base 13
-ba098
Convert -20e060 (base 15) to base 16.
-17e58a
Convert -5a18 (base 12) to base 8.
-23564
-345702 (base 9) to base 14
-5592d
10110110001110111010 (base 2) to base 15
eb26b
What is -350220 (base 8) in base 11?
-81397
-14f9b (base 16) to base 8
-247633
What is -1bab5 (base 12) in base 3?
-2002200102
What is 70255 (base 13) in base 4?
300322033
-9deb (base 15) to base 5
-2033041
What is -1144343244 (base 5) in base 12?
-ab8596
What is -4076 (base 8) in base 10?
-2110
What is 18ab5 (base 14) in base 13?
22599
Convert 120121012110 (base 3) to base 9.
517173
What is 10111010001010011111110 (base 2) in base 8?
27212376
What is -835215 (base 13) in base 3?
-12202211122020
What is 11230002 (base 5) in base 11?
6a5a6
Convert 4544843 (base 9) to base 7.
26555232
11a01 (base 11) to base 7
101045
Convert -230413152 (base 6) to base 3.
-21222000102112
What is 6677213 (base 11) in base 7?
201341221
106377 (base 9) to base 6
1211024
What is 2625914 (base 11) in base 6?
241240245
Convert -1080 (base 12) to base 9.
-2446
-1101100011001101110101 (base 2) to base 4
-31203031311
What is -404452 (base 7) in base 10?
-68833
-10995c6 (base 13) to base 7
-61250220
Convert -10112012110021 (base 3) to base 9.
-3465407
Convert 2547024 (base 8) to base 12.
2a1958
What is 344333 (base 5) in base 3?
122002210
What is -8c3e (base 15) in base 7?
-152522
-100100110001010110111 (base 2) to base 16
-1262b7
201110011222 (base 3) to base 16
5d78b
Convert 35449 (base 11) to base 3.
2121010011
Convert -17b028 (base 15) to base 13.
-313b1a
227617 (base 9) to base 12
67221
Convert -1036531 (base 7) to base 3.
-20110110021
126660006 (base 7) to base 11
4713668
-5103165 (base 8) to base 9
-2470161
-10440441 (base 7) to base 14
-1962c8
2978a (base 12) to base 15
1235d
-4431033 (base 5) to base 15
-17c48
What is 2d930 (base 16) in base 13?
66c75
Convert 3104433 (base 6) to base 3.
21120002010
302c95 (base 16) to base 8
14026225
Convert 232223030 (base 4) to base 8.
565314
What is 145999 (base 10) in base 16?
23a4f
What is -406b8e (base 15) in base 11?
-1800325
-12051206 (base 7) to base 11
-671973
What is 2442424440 (base 5) in base 16?
58e936
What is -3171c (base 13) in base 6?
-1524240
What is 4374235 (base 9) in base 16?
23e34c
What is -203160 (base 7) in base 4?
-20132232
What is c9b820 (base 13) in base 5?
2203104420
Convert 1558937 (base 13) to base 12.
2361432
-11610333 (base 8) to base 3
-11211001221221
What is -2222102012 (base 3) in base 15?
-12582
What is -1684591 (base 13) in base 15?
-990c71
What is -482151 (base 14) in base 3?
-11122012111022
What is 211012130 (base 4) in base 5?
14330324
-308b9 (base 15) to base 10
-153849
Convert -aa46 (base 16) to base 4.
-22221012
Convert 210834 (base 11) to base 14.
8b12c
Convert -203141 (base 9) to base 12.
-59817
110211222 (base 3) to base 4
2102120
-1550524 (base 7) to base 13
-764cb
93783 (base 14) to base 10
355463
What is 278765 (base 14) in base 6?
45153113
Convert -10011010011011101010 (base 2) to base 8.
-2323352
-2a07a5 (base 15) to base 5
-1004323410
7762 (base 14) to base 6
235402
What is 264d9 (base 14) in base 13?
33ba8
1884264 (base 9) to base 8
4025201
Convert -52a28 (base 14) to base 6.
-4135524
What is 34102144 (base 6) in base 3?
1221120100101
Convert 2065b4 (base 12) to base 13.
14a823
What is 243769 (base 10) in base 6?
5120321
-51440355 (base 6) to base 8
-5520017
24170 (base 9) to base 11
11181
What is 36856 (base 9) in base 11?
17666
Convert ed76eb (base 16) to base 14.
20d1655
Convert -10557142 (base 8) to base 3.
-11022002122100
What is 4425772 (base 9) in base 14?
45d183
What is 2300000021 (base 4) in base 6?
23241305
What is 227923 (base 15) in base 16?
191c73
What is 1112222010011 (base 3) in base 11?
514688
What is -13340025 (base 7) in base 16?
-12de36
49266 (base 14) to base 12
875b6
15344024 (base 7) to base 11
916926
Convert 3320352 (base 6) to base 10.
166028
What is 227471 (base 8) in base 15?
18000
-11100101111111001010 (base 2) to base 6
-32105122
What is -4b05b (base 13) in base 5?
-13412422
Convert -113103043 (base 5) to base 11.
-325053
What is 21087a (base 15) in base 12?
63938a
Convert -16375 (base 9) to base 4.
-2233232
What is -1844443 (base 9) in base 10?
-1033356
Convert 1783081 (base 13) to base 5.
3430123134
26a9e (base 15) to base 12
5b84b
-20423112 (base 5) to base 9
-278671
What is 16c6b5 (base 13) in base 4?
2023031021
103105 (base 7) to base 13
81b2
Wha